{"id":98,"date":"2016-08-29T11:30:54","date_gmt":"2016-08-29T09:30:54","guid":{"rendered":"http:\/\/luxappartamenti.it\/spa\/?page_id=98"},"modified":"2016-12-09T09:38:24","modified_gmt":"2016-12-09T08:38:24","slug":"vicino-a-noi","status":"publish","type":"page","link":"https:\/\/luxappartamenti.it\/spa\/?page_id=98","title":{"rendered":"\u00bfPOR QUE NOSOTROS?"},"content":{"rendered":"<div class=\"col-md-12\">\n<h3>\u00bfPor qu\u00e9 nosotros?<\/h3>\n<hr \/>\n<h4><i class=\"fa fa-check\"><\/i>Ubicaci\u00f3n estrat\u00e9gica<\/h4>\n<p>Cerca de paradas de autob\u00fas, tranv\u00eda y a poca distancia de la estaci\u00f3n de metro, los apartamentos est\u00e1n a s\u00f3lo 10 minutos de la estaci\u00f3n Termini, el eje central de transporte p\u00fablico en Roma, y en una posici\u00f3n estrat\u00e9gica para llegar f\u00e1cilmente al centro hist\u00f3rico y a las zonas monumentales de ciudad.<\/p>\n<p>A nuestro alrededor: supermercados, restaurantes, bares, pizzer\u00edas, oficina de correos, farmacia, bancos, estaciones de gasolina, y un gimnasio con una piscina.<\/p>\n<hr \/>\n<h4><i class=\"fa fa-check\"><\/i>Personal multiling\u00fce<\/h4>\n<p>Aunque como \u201ccasa de vacaciones\u201d no estar\u00edamos obligados a proporcionar una recepci\u00f3n y servicios de conserjer\u00eda, nuestro personal es habitualmente a disposici\u00f3n para la acogida, informaci\u00f3nes tur\u00edsticas, consejos, impresiones, fotocopias, de lunes a viernes de 9:00 a 19:00. S\u00e1bados de 9:00 a 14:00.<br \/>\nHablamos su idioma!<\/p>\n<hr \/>\n<h4><i class=\"fa fa-check\"><\/i>Servicio de\u00a0limpieza<\/h4>\n<p>Hasta 4 d\u00edas estancia, se incluye en el precio solamente la limpieza final. M\u00e1s de 4 d\u00edas de estancia, se les garantir\u00e1 un refresco del apartamento semanal con cambio completo de ropa de cama y toallas. En caso de necesidad y previa solicitud, nuestro personal estar\u00e1 a su disposici\u00f3n a los cambios de ropa y\/o limpieza como extra.<\/p>\n<p>&nbsp;<\/p>\n<hr \/>\n<\/div>\n<p>&nbsp;<\/p>\n<div class=\"col-md-12\">\n<h3>Cerca de nosotros<\/h3>\n<p>&nbsp;<\/p>\n<div class=\"col-md-3\"><img loading=\"lazy\" class=\"aligncenter size-full wp-image-208\" src=\"http:\/\/luxappartamenti.it\/spa\/wp-content\/uploads\/2016\/08\/mura_1-1.jpg\" alt=\"mura_1\" width=\"255\" height=\"255\" srcset=\"https:\/\/luxappartamenti.it\/spa\/wp-content\/uploads\/2016\/08\/mura_1-1.jpg 255w, https:\/\/luxappartamenti.it\/spa\/wp-content\/uploads\/2016\/08\/mura_1-1-150x150.jpg 150w\" sizes=\"(max-width: 255px) 100vw, 255px\" \/><\/div>\n<div class=\"col-md-3\">\n<h5>Muralla Aureliana &#8211; 50 m<\/h5>\n<p>Construida en el siglo III por el emperador Aureliano D.C. porque la muralla del siglo VI A.C. ya no eran suficientes para defender la ciudad, crecida, del ataque de los b\u00e1rbaros. De los aproximadamente 19 km de la antigua muralla original, hoy en d\u00eda todav\u00eda se conservan m\u00e1s de 12,5 Km.<\/p>\n<\/div>\n<div class=\"col-md-3\"><img loading=\"lazy\" class=\"aligncenter size-full wp-image-220\" src=\"http:\/\/luxappartamenti.it\/spa\/wp-content\/uploads\/2016\/08\/porta_maggiore.jpg\" alt=\"porta_maggiore\" width=\"255\" height=\"255\" srcset=\"https:\/\/luxappartamenti.it\/spa\/wp-content\/uploads\/2016\/08\/porta_maggiore.jpg 255w, https:\/\/luxappartamenti.it\/spa\/wp-content\/uploads\/2016\/08\/porta_maggiore-150x150.jpg 150w\" sizes=\"(max-width: 255px) 100vw, 255px\" \/><\/div>\n<div class=\"col-md-3\">\n<h5>Puerta Mayor &#8211; 200 m<\/h5>\n<p style=\"text-align: justify;\">Construida en el I siglo \u00a0D.C. como arco monumental en el punto de convergencia de 8 de los 11 acueductos de la ciudad, La Puerta Mayor luego fue incorporada en la muralla de Aureliano. Hoy en d\u00eda todav\u00eda es perfectamente conservada en todo su esplendor.<\/p>\n<\/div>\n<\/div>\n<div class=\"col-md-12\">\n<hr \/>\n<\/div>\n<div class=\"col-md-12\">\n<div class=\"col-md-3\">\n<h5>Santa Cruz de Jerusal\u00e9n: 400 m<\/h5>\n<p>La Bas\u00edlica de Santa Cruz de Jerusal\u00e9n data del siglo IV D.C .y es uno de las famosas &#8220;Siete Iglesias de Roma.&#8221; A pocos pasos de la Plaza de la Puerta Mayor, la iglesia actual es de estilo barroco y conserva algunas de las reliquias m\u00e1s importantes de la Pasi\u00f3n de Cristo, como fragmentos de la cruz, la corona de espinas, un clavo sagrado y el <em>titulus crucis<\/em>.<\/p>\n<\/div>\n<div class=\"col-md-3\"><img loading=\"lazy\" class=\"aligncenter wp-image-232 size-full\" src=\"http:\/\/luxappartamenti.it\/spa\/wp-content\/uploads\/2016\/08\/scroce.jpg\" width=\"255\" height=\"255\" srcset=\"https:\/\/luxappartamenti.it\/spa\/wp-content\/uploads\/2016\/08\/scroce.jpg 255w, https:\/\/luxappartamenti.it\/spa\/wp-content\/uploads\/2016\/08\/scroce-150x150.jpg 150w\" sizes=\"(max-width: 255px) 100vw, 255px\" \/><\/div>\n<div class=\"col-md-3\">\n<h5>San Juan de Letr\u00e1n &#8211; 1,3 km-<\/h5>\n<p style=\"text-align: justify;\">Es la primera de las cuatro bas\u00edlicas papales y la m\u00e1s antigua y m\u00e1s importante bas\u00edlica occidental.<br \/>\nLa primera bas\u00edlica data del siglo IV D.C. Construida y restaurada varias veces, la \u00faltima de ellas en el siglo XIX, San Juan de Letr\u00e1n es la catedral de la di\u00f3cesis de Roma. El gran complejo del que forma parte, tambi\u00e9n se compone de un magn\u00edfico baptisterio del V siglo D.C. y de la Escalera Santa.<\/p>\n<\/div>\n<div class=\"col-md-3\"><img loading=\"lazy\" class=\"aligncenter wp-image-272 size-full\" src=\"http:\/\/luxappartamenti.it\/spa\/wp-content\/uploads\/2016\/08\/sangiovanni.jpg\" width=\"255\" height=\"255\" srcset=\"https:\/\/luxappartamenti.it\/spa\/wp-content\/uploads\/2016\/08\/sangiovanni.jpg 255w, https:\/\/luxappartamenti.it\/spa\/wp-content\/uploads\/2016\/08\/sangiovanni-150x150.jpg 150w\" sizes=\"(max-width: 255px) 100vw, 255px\" \/><\/div>\n<\/div>\n<div class=\"col-md-12\">\n<hr \/>\n<\/div>\n<div class=\"col-md-12\">\n<div class=\"col-md-3\"><img loading=\"lazy\" class=\"aligncenter size-full wp-image-241\" src=\"http:\/\/luxappartamenti.it\/spa\/wp-content\/uploads\/2016\/08\/santa.jpg\" alt=\"santa\" width=\"255\" height=\"255\" srcset=\"https:\/\/luxappartamenti.it\/spa\/wp-content\/uploads\/2016\/08\/santa.jpg 255w, https:\/\/luxappartamenti.it\/spa\/wp-content\/uploads\/2016\/08\/santa-150x150.jpg 150w\" sizes=\"(max-width: 255px) 100vw, 255px\" \/><\/div>\n<div class=\"col-md-3\">\n<h5>Escalera Santa: 1,3 km<\/h5>\n<h5><\/h5>\n<p>Seg\u00fan la tradici\u00f3n, los 28 escalones de m\u00e1rmol de la Escalera Santa hab\u00edan sido subidos por Jes\u00fas para llegar a la presencia de Poncio Pilato. Los peregrinos que vienen a visitar la Escalera, recorren la misma de rodilla con el fin de ser absueltos de sus pecados.<\/p>\n<\/div>\n<div class=\"col-md-3\"><img loading=\"lazy\" class=\"aligncenter size-full wp-image-243\" src=\"http:\/\/luxappartamenti.it\/spa\/wp-content\/uploads\/2016\/08\/colosseo.jpg\" alt=\"colosseo\" width=\"255\" height=\"255\" srcset=\"https:\/\/luxappartamenti.it\/spa\/wp-content\/uploads\/2016\/08\/colosseo.jpg 255w, https:\/\/luxappartamenti.it\/spa\/wp-content\/uploads\/2016\/08\/colosseo-150x150.jpg 150w\" sizes=\"(max-width: 255px) 100vw, 255px\" \/><\/div>\n<div class=\"col-md-3\">\n<h5>Coliseo: 2,2 kilometros<\/h5>\n<p style=\"text-align: justify;\">El Coliseo es sin duda uno de los monumentos m\u00e1s famosos del mundo. S\u00edmbolo de la Antigua Roma, el anfiteatro remonta al I siglo D.C. y todav\u00eda resisten tres filas de arcos que una vez estaban cubiertos con m\u00e1rmol y albergaban estatuas preciosas. M\u00e1s de 50.000 personas pod\u00edan asistir a los espect\u00e1culos de gladiadores y leones. En 2007 fue incluido entre las nuevas siete maravillas del mundo.<\/p>\n<\/div>\n<\/div>\n","protected":false},"excerpt":{"rendered":"<p>\u00bfPor qu\u00e9 nosotros? Ubicaci\u00f3n estrat\u00e9gica Cerca de paradas de autob\u00fas, tranv\u00eda y a poca distancia&#8230;<\/p>\n","protected":false},"author":1,"featured_media":0,"parent":0,"menu_order":35,"comment_status":"closed","ping_status":"closed","template":"","meta":[],"_links":{"self":[{"href":"https:\/\/luxappartamenti.it\/spa\/index.php?rest_route=\/wp\/v2\/pages\/98"}],"collection":[{"href":"https:\/\/luxappartamenti.it\/spa\/index.php?rest_route=\/wp\/v2\/pages"}],"about":[{"href":"https:\/\/luxappartamenti.it\/spa\/index.php?rest_route=\/wp\/v2\/types\/page"}],"author":[{"embeddable":true,"href":"https:\/\/luxappartamenti.it\/spa\/index.php?rest_route=\/wp\/v2\/users\/1"}],"replies":[{"embeddable":true,"href":"https:\/\/luxappartamenti.it\/spa\/index.php?rest_route=%2Fwp%2Fv2%2Fcomments&post=98"}],"version-history":[{"count":53,"href":"https:\/\/luxappartamenti.it\/spa\/index.php?rest_route=\/wp\/v2\/pages\/98\/revisions"}],"predecessor-version":[{"id":425,"href":"https:\/\/luxappartamenti.it\/spa\/index.php?rest_route=\/wp\/v2\/pages\/98\/revisions\/425"}],"wp:attachment":[{"href":"https:\/\/luxappartamenti.it\/spa\/index.php?rest_route=%2Fwp%2Fv2%2Fmedia&parent=98"}],"curies":[{"name":"wp","href":"https:\/\/api.w.org\/{rel}","templated":true}]}}

<div class="col-md-12">
<h3>¿Por qué nosotros?</h3>
<hr />
<h4><i class="fa fa-check"></i>Ubicación estratégica</h4>
<p>Cerca de paradas de autobús, tranvía y a poca distancia de la estación de metro, los apartamentos están a sólo 10 minutos de la estación Termini, el eje central de transporte público en Roma, y en una posición estratégica para llegar fácilmente al centro histórico y a las zonas monumentales de ciudad.</p>
<p>A nuestro alrededor: supermercados, restaurantes, bares, pizzerías, oficina de correos, farmacia, bancos, estaciones de gasolina, y un gimnasio con una piscina.</p>
<hr />
<h4><i class="fa fa-check"></i>Personal multilingüe</h4>
<p>Aunque como “casa de vacaciones” no estaríamos obligados a proporcionar una recepción y servicios de conserjería, nuestro personal es habitualmente a disposición para la acogida, informaciónes turísticas, consejos, impresiones, fotocopias, de lunes a viernes de 9:00 a 19:00. Sábados de 9:00 a 14:00.<br />
Hablamos su idioma!</p>
<hr />
<h4><i class="fa fa-check"></i>Servicio de limpieza</h4>
<p>Hasta 4 días estancia, se incluye en el precio solamente la limpieza final. Más de 4 días de estancia, se les garantirá un refresco del apartamento semanal con cambio completo de ropa de cama y toallas. En caso de necesidad y previa solicitud, nuestro personal estará a su disposición a los cambios de ropa y/o limpieza como extra.</p>
<p>&nbsp;</p>
<hr />
</div>
<p>&nbsp;</p>
<div class="col-md-12">
<h3>Cerca de nosotros</h3>
<p>&nbsp;</p>
<div class="col-md-3"><img loading="lazy" class="aligncenter size-full wp-image-208" src="http://luxappartamenti.it/spa/wp-content/uploads/2016/08/mura_1-1.jpg" alt="mura_1" width="255" height="255" srcset="https://luxappartamenti.it/spa/wp-content/uploads/2016/08/mura_1-1.jpg 255w, https://luxappartamenti.it/spa/wp-content/uploads/2016/08/mura_1-1-150x150.jpg 150w" sizes="(max-width: 255px) 100vw, 255px" /></div>
<div class="col-md-3">
<h5>Muralla Aureliana &#8211; 50 m</h5>
<p>Construida en el siglo III por el emperador Aureliano D.C. porque la muralla del siglo VI A.C. ya no eran suficientes para defender la ciudad, crecida, del ataque de los bárbaros. De los aproximadamente 19 km de la antigua muralla original, hoy en día todavía se conservan más de 12,5 Km.</p>
</div>
<div class="col-md-3"><img loading="lazy" class="aligncenter size-full wp-image-220" src="http://luxappartamenti.it/spa/wp-content/uploads/2016/08/porta_maggiore.jpg" alt="porta_maggiore" width="255" height="255" srcset="https://luxappartamenti.it/spa/wp-content/uploads/2016/08/porta_maggiore.jpg 255w, https://luxappartamenti.it/spa/wp-content/uploads/2016/08/porta_maggiore-150x150.jpg 150w" sizes="(max-width: 255px) 100vw, 255px" /></div>
<div class="col-md-3">
<h5>Puerta Mayor &#8211; 200 m</h5>
<p style="text-align: justify;">Construida en el I siglo  D.C. como arco monumental en el punto de convergencia de 8 de los 11 acueductos de la ciudad, La Puerta Mayor luego fue incorporada en la muralla de Aureliano. Hoy en día todavía es perfectamente conservada en todo su esplendor.</p>
</div>
</div>
<div class="col-md-12">
<hr />
</div>
<div class="col-md-12">
<div class="col-md-3">
<h5>Santa Cruz de Jerusalén: 400 m</h5>
<p>La Basílica de Santa Cruz de Jerusalén data del siglo IV D.C .y es uno de las famosas &#8220;Siete Iglesias de Roma.&#8221; A pocos pasos de la Plaza de la Puerta Mayor, la iglesia actual es de estilo barroco y conserva algunas de las reliquias más importantes de la Pasión de Cristo, como fragmentos de la cruz, la corona de espinas, un clavo sagrado y el <em>titulus crucis</em>.</p>
</div>
<div class="col-md-3"><img loading="lazy" class="aligncenter wp-image-232 size-full" src="http://luxappartamenti.it/spa/wp-content/uploads/2016/08/scroce.jpg" width="255" height="255" srcset="https://luxappartamenti.it/spa/wp-content/uploads/2016/08/scroce.jpg 255w, https://luxappartamenti.it/spa/wp-content/uploads/2016/08/scroce-150x150.jpg 150w" sizes="(max-width: 255px) 100vw, 255px" /></div>
<div class="col-md-3">
<h5>San Juan de Letrán &#8211; 1,3 km-</h5>
<p style="text-align: justify;">Es la primera de las cuatro basílicas papales y la más antigua y más importante basílica occidental.<br />
La primera basílica data del siglo IV D.C. Construida y restaurada varias veces, la última de ellas en el siglo XIX, San Juan de Letrán es la catedral de la diócesis de Roma. El gran complejo del que forma parte, también se compone de un magnífico baptisterio del V siglo D.C. y de la Escalera Santa.</p>
</div>
<div class="col-md-3"><img loading="lazy" class="aligncenter wp-image-272 size-full" src="http://luxappartamenti.it/spa/wp-content/uploads/2016/08/sangiovanni.jpg" width="255" height="255" srcset="https://luxappartamenti.it/spa/wp-content/uploads/2016/08/sangiovanni.jpg 255w, https://luxappartamenti.it/spa/wp-content/uploads/2016/08/sangiovanni-150x150.jpg 150w" sizes="(max-width: 255px) 100vw, 255px" /></div>
</div>
<div class="col-md-12">
<hr />
</div>
<div class="col-md-12">
<div class="col-md-3"><img loading="lazy" class="aligncenter size-full wp-image-241" src="http://luxappartamenti.it/spa/wp-content/uploads/2016/08/santa.jpg" alt="santa" width="255" height="255" srcset="https://luxappartamenti.it/spa/wp-content/uploads/2016/08/santa.jpg 255w, https://luxappartamenti.it/spa/wp-content/uploads/2016/08/santa-150x150.jpg 150w" sizes="(max-width: 255px) 100vw, 255px" /></div>
<div class="col-md-3">
<h5>Escalera Santa: 1,3 km</h5>
<h5></h5>
<p>Según la tradición, los 28 escalones de mármol de la Escalera Santa habían sido subidos por Jesús para llegar a la presencia de Poncio Pilato. Los peregrinos que vienen a visitar la Escalera, recorren la misma de rodilla con el fin de ser absueltos de sus pecados.</p>
</div>
<div class="col-md-3"><img loading="lazy" class="aligncenter size-full wp-image-243" src="http://luxappartamenti.it/spa/wp-content/uploads/2016/08/colosseo.jpg" alt="colosseo" width="255" height="255" srcset="https://luxappartamenti.it/spa/wp-content/uploads/2016/08/colosseo.jpg 255w, https://luxappartamenti.it/spa/wp-content/uploads/2016/08/colosseo-150x150.jpg 150w" sizes="(max-width: 255px) 100vw, 255px" /></div>
<div class="col-md-3">
<h5>Coliseo: 2,2 kilometros</h5>
<p style="text-align: justify;">El Coliseo es sin duda uno de los monumentos más famosos del mundo. Símbolo de la Antigua Roma, el anfiteatro remonta al I siglo D.C. y todavía resisten tres filas de arcos que una vez estaban cubiertos con mármol y albergaban estatuas preciosas. Más de 50.000 personas podían asistir a los espectáculos de gladiadores y leones. En 2007 fue incluido entre las nuevas siete maravillas del mundo.</p>
</div>
</div>

<p>¿Por qué nosotros? Ubicación estratégica Cerca de paradas de autobús, tranvía y a poca distancia&#8230;</p>
