{"id":98,"date":"2016-08-29T11:30:54","date_gmt":"2016-08-29T09:30:54","guid":{"rendered":"http:\/\/luxappartamenti.it\/?page_id=98"},"modified":"2016-09-19T11:57:48","modified_gmt":"2016-09-19T09:57:48","slug":"vicino-a-noi","status":"publish","type":"page","link":"https:\/\/luxappartamenti.it\/?page_id=98","title":{"rendered":"PERCHE&#8217; NOI"},"content":{"rendered":"<div class=\"col-md-12\">\n<h3>PERCHE&#8217; NOI<\/h3>\n<hr \/>\n<h4><i class=\"fa fa-check\"><\/i> Posizione Strategica<\/h4>\n<p>A pochi passi da fermate di autobus, tram ed a breve distanza dalla metropolitana, gli appartamenti sono a soli 10 minuti dalla Stazione Termini, snodo centrale del trasporto pubblico a Roma, ed in posizione strategica per raggiungere facilmente il centro storico e le aree monumentali della citt\u00e0.<br \/>\nAttorno a noi: supermercati , ristoranti ,bar, pizzerie , ufficio postale, farmacia, banca, stazione di rifornimento, e palestra con piscina.<\/p>\n<hr \/>\n<h4><i class=\"fa fa-check\"><\/i> Personale Multilingue<strong><br \/>\n<\/strong><\/h4>\n<p>Nonostante in qualit\u00e0 di Casa Vacanze non avremmo obbligo alcuno di offrire servizi di reception e concierge, il nostro personale \u00e9 abitualmente a disposizione per accoglienza, informazioni turistiche, consigli, stampe, fotocopie dal luned\u00ec al venerd\u00ec dalle 9:00 alle 19:00. Il sabato dalle 9:00 alle 14:00.<br \/>\nParliamo la vostra lingua!<\/p>\n<hr \/>\n<h4><i class=\"fa fa-check\"><\/i> Servizio di Pulizie<strong><br \/>\n<\/strong><\/h4>\n<p>Fino a 4 giorni di permanenza, \u00e9 inclusa nel prezzo la sola pulizia finale dell\u2019appartamento. Oltre i 4 giorni di permanenza verr\u00e0 garantito un riassetto a settimana con cambio completo di tutta la biancheria da letto e da bagno. In caso di necessit\u00e0 e su richiesta, il nostro personale sar\u00e0 a disposizione per cambi di biancheria e\/o pulizie come extra.<\/p>\n<hr \/>\n<\/div>\n<p>&nbsp;<\/p>\n<div class=\"col-md-12\">\n<h3>VICINO A NOI<\/h3>\n<p>&nbsp;<\/p>\n<div class=\"col-md-3\"><img loading=\"lazy\" class=\"aligncenter size-full wp-image-208\" src=\"http:\/\/luxappartamenti.it\/wp-content\/uploads\/2016\/08\/mura_1-1.jpg\" alt=\"mura_1\" width=\"255\" height=\"255\" srcset=\"https:\/\/luxappartamenti.it\/wp-content\/uploads\/2016\/08\/mura_1-1.jpg 255w, https:\/\/luxappartamenti.it\/wp-content\/uploads\/2016\/08\/mura_1-1-150x150.jpg 150w\" sizes=\"(max-width: 255px) 100vw, 255px\" \/><\/div>\n<div class=\"col-md-3\">\n<h5>MURA AURELIANE<\/h5>\n<p style=\"text-align: justify;\"><small><i class=\"fa fa-map-marker\"><\/i> 50 mt<\/small><br \/>\nCostruite nel III secolo d.C dall\u2019Imperatore Aureliano perch\u00e9 le mura precedenti del VI secolo a.C non erano pi\u00f9 sufficienti a difendere la citt\u00e0, ormai cresciuta, dall\u2019attacco dei Barbari. Dei circa 19 Km originali della muraglia antica oggi se ne conservano ancora oltre 12.5 Km.<\/p>\n<\/div>\n<div class=\"col-md-3\"><img loading=\"lazy\" class=\"aligncenter size-full wp-image-220\" src=\"http:\/\/luxappartamenti.it\/wp-content\/uploads\/2016\/08\/porta_maggiore.jpg\" alt=\"porta_maggiore\" width=\"255\" height=\"255\" srcset=\"https:\/\/luxappartamenti.it\/wp-content\/uploads\/2016\/08\/porta_maggiore.jpg 255w, https:\/\/luxappartamenti.it\/wp-content\/uploads\/2016\/08\/porta_maggiore-150x150.jpg 150w\" sizes=\"(max-width: 255px) 100vw, 255px\" \/><\/div>\n<div class=\"col-md-3\">\n<h5>PORTA MAGGIORE<\/h5>\n<p style=\"text-align: justify;\"><small><i class=\"fa fa-map-marker\"><\/i> 200 mt<\/small><br \/>\nCostruita nel I secolo d.C come arco monumentale nel punto in cui convergevano otto degli undici acquedotti della citt\u00e0, Porta Maggiore fu inglobata poi dalle mura Aureliane . Oggi \u00e8 ancora perfettamente conservata nel suo antico splendore.<\/p>\n<\/div>\n<\/div>\n<div class=\"col-md-12\">\n<hr \/>\n<\/div>\n<div class=\"col-md-12\">\n<div class=\"col-md-3\">\n<h5>S.CROCE IN GERUSALEMME<\/h5>\n<p style=\"text-align: justify;\"><small><i class=\"fa fa-map-marker\"><\/i> 400 mt<\/small><br \/>\nLa Basilica di Santa Croce in Gerusalemme risale al IV secolo d.C. ed \u00e8 una delle famose \u201cSette Chiese di Roma\u201d. A pochi passi da Piazza di Porta Maggiore, la chiesa attuale \u00e8 in stile Barocco e conserva alcuni fra le pi\u00f9 importanti reliquie della Passione di Cristo quali frammenti della Croce, della corona di spine, un sacro chiodo e il titulus crucis.<\/p>\n<\/div>\n<div class=\"col-md-3\"><img loading=\"lazy\" class=\"aligncenter wp-image-232 size-full\" src=\"http:\/\/luxappartamenti.it\/wp-content\/uploads\/2016\/08\/scroce.jpg\" width=\"255\" height=\"255\" srcset=\"https:\/\/luxappartamenti.it\/wp-content\/uploads\/2016\/08\/scroce.jpg 255w, https:\/\/luxappartamenti.it\/wp-content\/uploads\/2016\/08\/scroce-150x150.jpg 150w\" sizes=\"(max-width: 255px) 100vw, 255px\" \/><\/div>\n<div class=\"col-md-3\">\n<h5>SAN GIOVANNI IN LATERANO<\/h5>\n<p style=\"text-align: justify;\"><small><i class=\"fa fa-map-marker\"><\/i> 1.3 km<\/small><\/p>\n<p style=\"text-align: justify;\">\u00c8 la prima delle quattro basiliche papali maggiori e la pi\u00f9 antica e importante basilica d&#8217;Occidente. La prima risale al IV secolo d.C. Costruita e restaurata pi\u00f9 volte, l\u2019ultima delle quali nel XIX secolo, San Giovanni in Laterano \u00e8 la Cattedrale della Diocesi di Roma. Il grande complesso di cui fa parte \u00e8 costituito inoltre da un magnifico battistero del V secolo.<\/p>\n<\/div>\n<div class=\"col-md-3\"><img loading=\"lazy\" class=\"aligncenter wp-image-272 size-full\" src=\"http:\/\/luxappartamenti.it\/wp-content\/uploads\/2016\/08\/sangiovanni.jpg\" width=\"255\" height=\"255\" srcset=\"https:\/\/luxappartamenti.it\/wp-content\/uploads\/2016\/08\/sangiovanni.jpg 255w, https:\/\/luxappartamenti.it\/wp-content\/uploads\/2016\/08\/sangiovanni-150x150.jpg 150w\" sizes=\"(max-width: 255px) 100vw, 255px\" \/><\/div>\n<\/div>\n<div class=\"col-md-12\">\n<hr \/>\n<\/div>\n<div class=\"col-md-12\">\n<div class=\"col-md-3\"><img loading=\"lazy\" class=\"aligncenter size-full wp-image-241\" src=\"http:\/\/luxappartamenti.it\/wp-content\/uploads\/2016\/08\/santa.jpg\" alt=\"santa\" width=\"255\" height=\"255\" srcset=\"https:\/\/luxappartamenti.it\/wp-content\/uploads\/2016\/08\/santa.jpg 255w, https:\/\/luxappartamenti.it\/wp-content\/uploads\/2016\/08\/santa-150x150.jpg 150w\" sizes=\"(max-width: 255px) 100vw, 255px\" \/><\/div>\n<div class=\"col-md-3\">\n<h5>SCALA SANTA<\/h5>\n<p style=\"text-align: justify;\"><small><i class=\"fa fa-map-marker\"><\/i> 1.3 km<\/small><br \/>\nSecondo la tradizione, i 28 gradini in marmo della Scala Santa furono saliti da Ges\u00f9 per arrivare al cospetto di Ponzio Pilato. I pellegrini che vengono a visitare La Scala, percorrono la stessa in ginocchio per essere assolti dai loro peccati.<\/p>\n<\/div>\n<div class=\"col-md-3\"><img loading=\"lazy\" class=\"aligncenter size-full wp-image-243\" src=\"http:\/\/luxappartamenti.it\/wp-content\/uploads\/2016\/08\/colosseo.jpg\" alt=\"colosseo\" width=\"255\" height=\"255\" srcset=\"https:\/\/luxappartamenti.it\/wp-content\/uploads\/2016\/08\/colosseo.jpg 255w, https:\/\/luxappartamenti.it\/wp-content\/uploads\/2016\/08\/colosseo-150x150.jpg 150w\" sizes=\"(max-width: 255px) 100vw, 255px\" \/><\/div>\n<div class=\"col-md-3\">\n<h5>COLOSSEO<\/h5>\n<p style=\"text-align: justify;\"><small><i class=\"fa fa-map-marker\"><\/i> 2.0 km<\/small><br \/>\nL\u2019anfiteatro risale al I secolo d.C e ancora oggi si eleva su tre ordini di arcate che un tempo erano rivestite di marmi e ospitavano statue preziose . Oltre 50,000 persone potevano assistere agli spettacoli tra gladiatori e leoni. Nel 2007 \u00e8 stato inserito tra le Nuove Sette Meraviglie del Mondo.<\/p>\n<\/div>\n<\/div>\n","protected":false},"excerpt":{"rendered":"<p>PERCHE&#8217; NOI Posizione Strategica A pochi passi da fermate di autobus, tram ed a breve&#8230;<\/p>\n","protected":false},"author":1,"featured_media":0,"parent":0,"menu_order":35,"comment_status":"closed","ping_status":"closed","template":"","meta":[],"_links":{"self":[{"href":"https:\/\/luxappartamenti.it\/index.php?rest_route=\/wp\/v2\/pages\/98"}],"collection":[{"href":"https:\/\/luxappartamenti.it\/index.php?rest_route=\/wp\/v2\/pages"}],"about":[{"href":"https:\/\/luxappartamenti.it\/index.php?rest_route=\/wp\/v2\/types\/page"}],"author":[{"embeddable":true,"href":"https:\/\/luxappartamenti.it\/index.php?rest_route=\/wp\/v2\/users\/1"}],"replies":[{"embeddable":true,"href":"https:\/\/luxappartamenti.it\/index.php?rest_route=%2Fwp%2Fv2%2Fcomments&post=98"}],"version-history":[{"count":49,"href":"https:\/\/luxappartamenti.it\/index.php?rest_route=\/wp\/v2\/pages\/98\/revisions"}],"predecessor-version":[{"id":319,"href":"https:\/\/luxappartamenti.it\/index.php?rest_route=\/wp\/v2\/pages\/98\/revisions\/319"}],"wp:attachment":[{"href":"https:\/\/luxappartamenti.it\/index.php?rest_route=%2Fwp%2Fv2%2Fmedia&parent=98"}],"curies":[{"name":"wp","href":"https:\/\/api.w.org\/{rel}","templated":true}]}}