{"id":587,"date":"2016-12-16T15:07:54","date_gmt":"2016-12-16T14:07:54","guid":{"rendered":"http:\/\/luxappartamenti.it\/fra\/?page_id=587"},"modified":"2016-12-16T15:18:12","modified_gmt":"2016-12-16T14:18:12","slug":"privacy-policy","status":"publish","type":"page","link":"https:\/\/luxappartamenti.it\/fra\/?page_id=587","title":{"rendered":"Privacy Policy"},"content":{"rendered":"<p>Information sur Internet et le consentement au traitement des donn\u00e9es personnelles (d\u00e9cret l\u00e9gislatif n. 196 du 30 Juin 2003)<\/p>\n<p>Cher client,<br \/>\nNous vous informons, conform\u00e9ment \u00e0 l&#8217;article 13 du Code concernant la protection des donn\u00e9es personnelles (d\u00e9cret-loi 196\/03), que les donn\u00e9es fournies avec votre email seront trait\u00e9es exclusivement par LUX APPARTAMENTI DI CIVITADUE SRL, et Nous ne seront pas divulgu\u00e9es \u00e0 des tiers.<\/p>\n<p>Le traitement peut \u00eatre effectu\u00e9 en utilisant du papier ou un ordinateur et \/ ou de t\u00e9l\u00e9communication; dans tous les cas, le traitement sera en utilisant des m\u00e9thodes qui garantissent la s\u00e9curit\u00e9 et la confidentialit\u00e9.<br \/>\nLe traitement de vos donn\u00e9es personnelles est le LUX APPARTAMENTI DI CIVITADUE SRL avec si\u00e8ge social \u00e0 Via Orvinio, 15-00199 Roma, C. F. &#8211; Italie.<\/p>\n<p>A l&#8217;int\u00e9rieur de la soci\u00e9t\u00e9 LUX APPARTAMENTI DI CIVITADUE SRL vos donn\u00e9es personnelles seront trait\u00e9es par les employ\u00e9s pour le service \u00e0 la client\u00e8le, Commercial, Marketing, Facturation et comptabilit\u00e9.<\/p>\n<p>Ce personnel, qui op\u00e8rent sous l&#8217;autorit\u00e9 directe du &#8220;traitement des donn\u00e9es&#8221; en charge et ils ont \u00e9t\u00e9 d\u00e9sign\u00e9s re\u00e7us \u00e0 cet \u00e9gard, les instructions d&#8217;utilisation ad\u00e9quates.<br \/>\nResponsable du traitement de vos donn\u00e9es est LUX APPARTAMENTI DI CIVITADUE SRL avec si\u00e8ge social \u00e0 Via Orvinio, 15-00199 Roma, C. F. &#8211; Italie.<\/p>\n<p>En ce qui concerne le traitement des donn\u00e9es personnelles, vous pouvez, \u00e0 tout moment, exercer leurs droits en vertu de l&#8217;art. 7 du Code, qui, pour la commodit\u00e9 est donn\u00e9 ci-dessous, en \u00e9crivant \u00e0:<br \/>\nLUX APPARTAMENTI DI CIVITADUE SRL avec si\u00e8ge social \u00e0 Via Orvinio, 15 &#8211; 00199 Roma, C. F. &#8211; Italie.<\/p>\n<p>1. L&#8217;int\u00e9ress\u00e9 a le droit d&#8217;obtenir la confirmation ou non des donn\u00e9es personnelles le concernant, m\u00eame si pas encore enregistr\u00e9es, et leur communication sous forme intelligible.<\/p>\n<p>2. La personne concern\u00e9e a le droit d&#8217;obtenir des informations:<br \/>\na) l&#8217;origine des donn\u00e9es personnelles;<br \/>\nb) les finalit\u00e9s et modalit\u00e9s du traitement;<br \/>\nc) la logique appliqu\u00e9e en cas de traitement \u00e0 l&#8217;aide d&#8217;instruments \u00e9lectroniques;<br \/>\nd) l&#8217;identit\u00e9 du propri\u00e9taire, gestionnaire et le repr\u00e9sentant d\u00e9sign\u00e9 dans l&#8217;\u00c9tat italien, le cas \u00e9ch\u00e9ant;<br \/>\ne) des sujets ou des cat\u00e9gories de personnes auxquelles les donn\u00e9es personnelles peuvent \u00eatre communiqu\u00e9es ou qui peuvent apprendre \u00e0 leur sujet comme nomm\u00e9 repr\u00e9sentant sur le territoire de l&#8217;\u00c9tat italien, des dirigeants ou agents.<br \/>\n3. Vous avez le droit de:<br \/>\na) la mise \u00e0 jour, la rectification ou, si besoin, l&#8217;int\u00e9gration des donn\u00e9es;<br \/>\nb) l&#8217;annulation, l&#8217;anonymisation ou le blocage des donn\u00e9es trait\u00e9es ill\u00e9galement, y compris celles dont la conservation est n\u00e9cessaire aux fins pour lesquelles les donn\u00e9es ont \u00e9t\u00e9 collect\u00e9es ou trait\u00e9es;<br \/>\nc) l&#8217;attestation que les op\u00e9rations mentionn\u00e9es aux lettres a) et b) ont \u00e9t\u00e9 communiqu\u00e9es, \u00e9galement en ce qui concerne leur contenu, \u00e0 ceux auxquels les donn\u00e9es ont \u00e9t\u00e9 communiqu\u00e9es ou divulgu\u00e9es, sauf si une telle conformit\u00e9 Il se r\u00e9v\u00e8le impossible ou implique un manifestement disproportionn\u00e9e au droit prot\u00e9g\u00e9.<\/p>\n<p>4. Vous avez le droit d&#8217;opposition, en tout ou en partie:<br \/>\na) pour des raisons l\u00e9gitimes au traitement des donn\u00e9es personnelles, pertinentes \u00e0 des fins de collecte;<br \/>\nb) au traitement des donn\u00e9es \u00e0 caract\u00e8re personnel \u00e0 des fins d&#8217;envoi de mat\u00e9riel publicitaire ou de vente directe ou pour la r\u00e9alisation d&#8217;\u00e9tudes de march\u00e9 ou de communication commerciale. &#8221;<br \/>\nL&#8217;exercice des droits mentionn\u00e9s ci-dessus peut \u00eatre exerc\u00e9 directement ou en conf\u00e9rant, par \u00e9crit, d\u00e9l\u00e9guer ou par procuration \u00e0 des personnes ou associations.<br \/>\nLes droits vis\u00e9s \u00e0 l&#8217;article 7 sont exerc\u00e9s avec une demande informelle au propri\u00e9taire ou gestionnaire, aussi par une personne d\u00e9sign\u00e9e, \u00e0 qui est donn\u00e9e la r\u00e9ponse ad\u00e9quate sans d\u00e9lai.<br \/>\nLa demande au propri\u00e9taire ou gestionnaire peut \u00e9galement \u00eatre envoy\u00e9 par courrier, fax ou e-mail.<\/p>\n<p>5. Contr\u00f4leur de donn\u00e9es<br \/>\nLe contr\u00f4leur de donn\u00e9es est LUX APPARTAMENTI DI CIVITADUE SRL avec si\u00e8ge social \u00e0 Via Orvinio, 15-00199 Roma, C. F. &#8211; Italie.<\/p>\n<p>Processeur de donn\u00e9es 6<\/p>\n<p>Les demandes doivent \u00eatre envoy\u00e9es \u00e0: &#8220;Sur le Data Manager&#8221; LUX APPARTAMENTI DI CIVITADUE SRL avec si\u00e8ge social \u00e0 Via Orvinio, 15-00199 Roma, C. F. &#8211; Italie.<\/p>\n","protected":false},"excerpt":{"rendered":"<p>Information sur Internet et le consentement au traitement des donn\u00e9es personnelles (d\u00e9cret l\u00e9gislatif n. 196&#8230;<\/p>\n","protected":false},"author":1,"featured_media":0,"parent":0,"menu_order":0,"comment_status":"closed","ping_status":"closed","template":"","meta":[],"_links":{"self":[{"href":"https:\/\/luxappartamenti.it\/fra\/index.php?rest_route=\/wp\/v2\/pages\/587"}],"collection":[{"href":"https:\/\/luxappartamenti.it\/fra\/index.php?rest_route=\/wp\/v2\/pages"}],"about":[{"href":"https:\/\/luxappartamenti.it\/fra\/index.php?rest_route=\/wp\/v2\/types\/page"}],"author":[{"embeddable":true,"href":"https:\/\/luxappartamenti.it\/fra\/index.php?rest_route=\/wp\/v2\/users\/1"}],"replies":[{"embeddable":true,"href":"https:\/\/luxappartamenti.it\/fra\/index.php?rest_route=%2Fwp%2Fv2%2Fcomments&post=587"}],"version-history":[{"count":4,"href":"https:\/\/luxappartamenti.it\/fra\/index.php?rest_route=\/wp\/v2\/pages\/587\/revisions"}],"predecessor-version":[{"id":591,"href":"https:\/\/luxappartamenti.it\/fra\/index.php?rest_route=\/wp\/v2\/pages\/587\/revisions\/591"}],"wp:attachment":[{"href":"https:\/\/luxappartamenti.it\/fra\/index.php?rest_route=%2Fwp%2Fv2%2Fmedia&parent=587"}],"curies":[{"name":"wp","href":"https:\/\/api.w.org\/{rel}","templated":true}]}}